*g**2 - 7*g + 2. Let z(d) = u*h(d) + 5*q(d). Determine z(0).
4
Let w(f) = f**3 + 5*f**2 - 4*f + 7. Let s be ((-3)/(-2))/3 - 39/6. Calculate w(s).
-5
Let w(b) = -3*b - 13. Let m be w(-6). Let r(d) = -m - 3*d**2 + 6 + 1. Determine r(2).
-10
Suppose 10*i - 2*i + 24 = 0. Let m(w) = 3*w**2 + w - 3. Let n(d) = 16*d**2 + 5*d - 16. Let g(j) = 11*m(j) - 2*n(j). Calculate g(i).
5
Let m(s) = -s**2 - 7*s - 8. Let d = -9 - -3. Calculate m(d).
-2
Suppose 3*y + 30 = -3*y. Let c(p) = -6*p - 2. Let t(o) = -5*o - 3. Let m(i) = 4*c(i) - 5*t(i). Determine m(y).
2
Let l(t) = 6*t**2 + 2*t - 3. Let h be l(1). Let x(d) = -2*d**2 + 5*d + 2. Calculate x(h).
-23
Let r(y) = -2*y - 5. Let v(a) = a**3 - 6*a**2 - 5*a - 6. Let c = 20 - 13. Let u be v(c). Suppose 3*f + u = f. Give r(f).
3
Let d(t) = 5*t**2 + 7*t + 7. Let n(p) = p + 0*p**2 + p**2 - 3*p**2 - 3 - 4*p. Let a(c) = -3*d(c) - 7*n(c). What is a(-2)?
-4
Let i(c) = c**2 - c + 7. Suppose 0 = -2*j + 5*j. What is i(j)?
7
Let x(n) = n - 3 + 8 + 7. Suppose -l - 12 = 4*l - 3*z, -5*z - 5 = 0. Let u be (-10)/(-2 + (1 - l)). Calculate x(u).
7
Suppose 0*v + v = 5. Let h(t) = t**3 - 4*t**2 - 5*t - 4. Give h(v).
-4
Let l(j) = -j**2 - 5*j. Let i(o) = o**2 + 4*o. Let v(k) = -6*i(k) - 5*l(k). Let d = 33 - 23. Let b = -10 + d. Calculate v(b).
0
Let b(d) = d**3 + 3*d**2 - 5*d + 2. Let i be b(-4). Let o(m) = -5*m**2 - 4*m + 4. Let k(v) = 4*v**2 + 3*v - 3. Let c(s) = i*k(s) + 5*o(s). Determine c(-4).
-6
Let t(m) = -m**2 - 5*m + 5. Let z(y) = y**3 - 5*y**2 + 5*y - 3. Suppose 1 = k - 2. Let b be z(k). What is t(b)?
-1
Let d be (-10)/(-45) + (-86)/(-18). Let s(m) = m**3 - 4*m**2 - 2*m - 7. What is s(d)?
8
Let s be 4/3*(-6)/(-2). Let n(w) = 3 - s - w + 0*w. Let v be (-60)/16 + 4 - 57/(-12). Give n(v).
-6
Let f(u) be the third derivative of 1/12*u**4 + 0*u + 5*u**2 + 1/360*u**6 + 1/60*u**5 + 0 + 0*u**3. Let j(g) be the second derivative of f(g). What is j(2)?
6
Let o(a) = 4*a + 14. Let n(i) = -i - 3. Let p(b) = 14*n(b) + 3*o(b). Suppose g = -g - 4. Give p(g).
4
Let n(l) be the second derivative of 1/12*l**4 - 1/2*l**2 + 0 + 1/20*l**5 - 2*l - 1/2*l**3. Suppose 2*o = k - 2, -2 = 5*o - 2*k - 2*k. Determine n(o).
1
Let q(i) = -5*i + i + 3*i. Let c(f) = f**3 - 4*f**2 - 4*f - 7. Let m(t) = -t + 1. Let y be m(-4). Let a be c(y). Determine q(a).
2
Suppose -4*w + 5 = -3. Let t(u) = -45 + 23 + w*u + 23. Suppose 2*b = -3*y + 1, 10 - 21 = -5*b + y. Give t(b).
5
Let v(n) = -7 + 1 + 3 + 4*n + 2*n. Let l be 9*(4 - (-22)/(-6)). Determine v(l).
15
Let u = -373 + 370. Let r(m) be the second derivative of -m**3/6 - m**2/2 - m. What is r(u)?
2
Let w(q) be the second derivative of -q**5/20 + q**4/12 + q**3/2 + q**2/2 - 7*q. Determine w(3).
-8
Let m(z) be the first derivative of -5/2*z**2 - 2*z - 7. Determine m(-2).
8
Let a(j) be the first derivative of -j + 3. Let c(y) = 2*y**2 - 2*y - 3. Let k(l) = -2*a(l) + c(l). Let v(b) = -b + 2. Let g be v(0). Calculate k(g).
3
Let w = -9 - -6. Let v = w - -6. Let r(f) = 2*f - 4. What is r(v)?
2
Let t(y) = -3*y + 3. Let j(f) = 7*f - 7. Let v(x) = 2*j(x) + 5*t(x). Determine v(-3).
4
Let k = 14 - 3. Suppose j + r + r + k = 0, -20 = 4*r. Let c(i) = -13*i - 2. Let y(v) = -6*v - 1. Let h(f) = -3*c(f) + 7*y(f). What is h(j)?
2
Let q(z) be the first derivative of z**4/4 + 5*z**3/3 - 3*z**2 + 4*z + 26. Give q(-6).
4
Suppose 5*j + 7 = 2. Let h be (-1)/(-3)*(6 + -3). Let g(l) = -5*l**3 + 2*l**2 + 2*l - 1. Let q(v) = -v**3 + v**2 + v. Let m(x) = h*g(x) - 4*q(x). Give m(j).
0
Let n be 2/(1*1/2). Let a be n/2*(-1)/1. Let t(d) = d - 4*d + 3*d**2 - 101 + 2*d**3 + 2*d + 99. Determine t(a).
-4
Let l(i) = 11*i. Let k be (9/27)/((-1)/(-3)). Calculate l(k).
11
Let d(b) be the first derivative of b**2/2 + 6*b + 5. Calculate d(-10).
-4
Let g(q) = -q**2 - q + 4. Suppose 5*x - 2*s = 6*x + 10, 0 = -x - 3*s - 15. Determine g(x).
4
Let c(p) = p**3 + 10*p**2 - 5*p. Let t(z) = -z**2 - z. Let g(m) = -c(m) - 3*t(m). Let k be g(-8). Let x(y) = -y - 3. Determine x(k).
-3
Let h(g) = g + 4. Suppose 0 = b - 4 - 4. Suppose 4 + b = -4*s. Calculate h(s).
1
Suppose 9 - 24 = -5*l. Let r be (4 - l) + 4/4. Let z(p) = -p + 2. Determine z(r).
0
Suppose 5*h = -4*w - 30, -5*w - 6 = -4*h + 11. Let r be 8/5 + 4/10. Let p(i) = -6*i + 4*i**2 - 4 - 2*i**r - 3*i**2. Give p(w).
1
Let n be (-3)/5 + (-168)/(-30). Let t(w) = -7 - 2*w - w**3 - n*w - 8*w**2 + 17*w**2. Determine t(8).
1
Let s(c) = 5*c**2 + 2*c. Let j(l) = 6*l**2 + l. Let x(q) = -4*j(q) + 5*s(q). Suppose -5*i - 39 = 96. Let w be 8/(-36) + 129/i. Determine x(w).
-5
Let s be -1 + 1*-5 - 0. Let o(m) be the third derivative of m**4/12 + 3*m**3/2 + 6*m**2. What is o(s)?
-3
Let r(p) = -p**3 - 7*p**2 + p + 8. Suppose y = 5*w + 18, -2*w = y + y + 24. What is r(y)?
1
Let s(b) = -b + 2. Let d be s(0). Let h be d*1*2/(-4). Let l(m) be the third derivative of m**5/30 - m**3/6 + 5*m**2. Determine l(h).
1
Let u = -5 - -11. Suppose 0 = -p - 2*p - u. Let m(z) = 1844*z**2 - 1 + 2 - 1845*z**2. Calculate m(p).
-3
Let j(o) = -o + 2. Let g(p) = -3*p + 6. Let n(z) = -3*g(z) + 8*j(z). Determine n(-4).
-6
Let b(f) = -f**2 - 4*f - 1. Suppose 6*u = u + 25. Suppose 2*d - 9 = u*d. Let o = d + 1. What is b(o)?
3
Let f(a) = -a - 12. Suppose -7*d - 5*d + 4*d = 0. Determine f(d).
-12
Let z(a) = -8 + a**2 + 14*a - 7*a - 8*a. Determine z(0).
-8
Let l be 8/(-6)*9/2. Let f(y) = 10 + 2*y - y - 4. Determine f(l).
0
Let u(v) = -6 - v**2 - 7*v - 3 + 6. Let i(w) = 3*w**2 - 3*w**2 + 1 - 4*w - 2*w**2. Let m be i(-3). Determine u(m).
7
Suppose -2*l + 3*n + 18 = -l, 0 = 3*n + 12. Let j(f) = -f**3 + 5*f**2 + 5*f - 7. What is j(l)?
-13
Let a(r) = 7*r - 3. Let g(o) = 15*o - 7. Let l(j) = -9*a(j) + 4*g(j). What is l(-4)?
11
Let o = 2 - 6. Let x(w) = -w**3 - 2*w**2 + 8*w - 4. Let u be x(o). Let r(m) = m**2 + 4*m + 6. Give r(u).
6
Let p(j) = j**2 + j + 2*j + j. Let t = -28 + 23. Give p(t).
5
Let f = 3 - 1. Let c = -20 + 21. Let w(s) = s**2 + 3*s**f + 3*s**3 - 2*s**3 + c. Calculate w(-4).
1
Let p(g) = 2*g**3 - 13*g**2 + 11*g - 27. Let y be p(6). Let d(s) be the second derivative of 1/3*s**3 + 4*s + 0 - y*s**2. Give d(5).
4
Let h(d) = -d**2 - d - 6. Let f be h(0). Let y(x) = x**3 + 6*x**2 + x + 2. Calculate y(f).
-4
Let j(u) = -u. Let a = -1 + 9. Let d be (1/(-2))/(a/(-48)). What is j(d)?
-3
Suppose -f - 2 + 9 = 0. Let z = -13 + f. Let m(i) be the second derivative of -i**3/3 - i**2 + i. Calculate m(z).
10
Let f(z) = z**3 - 5*z**2 + z - 1. Suppose 9*j = 3*j + 12. Determine f(j).
-11
Suppose 4*x - 14 = -2. Let k(p) = 3*p - 1 + 3*p - p - 2*p. Calculate k(x).
8
Let n(p) be the first derivative of p**3 - 3*p + 2 + 3*p**2 - 1/4*p**4. Determine n(4).
5
Let n = -13 + 17. Let b(y) = y**2 - 5*y - 3. Calculate b(n).
-7
Let s(n) = -n**3 - 5. Let o be s(0). Let h(j) = 3*j**2 - 17*j - 12. Let z = 1 + -6. Let f(y) = 2*y**2 - 9*y - 6. Let q(g) = z*f(g) + 3*h(g). Determine q(o).
-1
Let k(y) = -4*y**2 + 2*y - 4. Let j(r) = -r + 5*r**2 - r + 4 - r. Suppose -8*d + 34 + 14 = 0. Let c(l) = d*k(l) + 5*j(l). Determine c(5).
6
Let g(h) be the second derivative of h**4/12 - 2*h**3/3 - 3*h**2/2 - 3*h. Suppose -20 = -4*k - k. Determine g(k).
-3
Let n = 5 + -3. Let u(q) = -2*q**2 + q**n - 2*q + 2*q - 4 - 4*q. Determine u(-5).
-9
Let y be 4/16*(4 + 0). Suppose 2*i + 3 = y. Let x(o) = 5*o**3 + o**2 + 2*o + 1. Determine x(i).
-5
Let v(l) = l**3 - 5*l**2 + 3*l - 3. Let y be 2 - (-25)/(-10)*(-4)/5. Determine v(y).
-7
Let i(w) = -3 - 10*w**2 + 7*w**2 - 3*w - w**3 - w. Give i(-2).
1
Let h(c) = 5 + 3*c**2 - 2*c**2 - 2*c**2 - c. Let u(m) = m + 2. Let i = 0 - 6. Let v be u(i). What is h(v)?
-7
Let v(l) be the first derivative of -l**4 - l**3/3 + l**2/2 - l - 4. Give v(1).
-5
Let j be 3 + -1 + -1 + 1. Let y(a) = -2*a**3 + 2*a. Determine y(j).
-12
Let b(a) = a**2 - a**3 - 5*a**2 + 2 + 2*a + 5*a**2. What is b(3)?
-10
Let h(j) be the second derivative of -4*j - 1/120*j**5 - 1/24*j**4 + 0 + 1/2*j**3 + 0*j**2. Let w(r) be the second derivative of h(r). Calculate w(-3).
2
Let y(n) = -14*n**3 + 2*n**2 - 5 + 3*n**2 + n + n + 13*n**3. What is y(5)?
5
Let h be 25/9 + 2/9. Suppose h + 5 = -2*b. Let m(c) = -c**2 - 2*c + 2. Give m(b).
-6
Let j(g) be the second derivative of -3*g**5/20 + g**4/12 + g**3/6 + 10*g. Calculate j(-1).
3
Let t(u) = 8*u + 1. Let o(w) be the third derivative of w**5/60 + w**4/8 - 11*w**3/6 + 